7 divide 1792?
True
Does 14 divide 530?
False
Does 73 divide 7072?
False
Is 10 a factor of 35885?
False
Is 38 a factor of 1520?
True
Does 73 divide 14527?
True
Is 658 a multiple of 21?
False
Is 108 a multiple of 5?
False
Is 5 a factor of 1345?
True
Is 364 a multiple of 28?
True
Is 5 a factor of 1886?
False
Does 26 divide 12168?
True
Is 4 a factor of 388?
True
Is 5782 a multiple of 43?
False
Does 32 divide 634?
False
Does 12 divide 7796?
False
Is 87 a factor of 552?
False
Does 5 divide 156?
False
Does 31 divide 6581?
False
Does 66 divide 1436?
False
Does 7 divide 2748?
False
Is 462 a multiple of 17?
False
Does 7 divide 560?
True
Is 41 a factor of 4756?
True
Is 67120 a multiple of 25?
False
Is 24 a factor of 168?
True
Is 3532 a multiple of 11?
False
Is 11 a factor of 911?
False
Does 11 divide 414?
False
Does 14 divide 23856?
True
Is 8748 a multiple of 18?
True
Is 602 a multiple of 10?
False
Is 13692 a multiple of 6?
True
Is 208 a multiple of 8?
True
Does 18 divide 1080?
True
Does 15 divide 4073?
False
Is 7320 a multiple of 5?
True
Is 140 a factor of 20160?
True
Does 5 divide 7261?
False
Is 84 a factor of 12990?
False
Does 137 divide 14130?
False
Does 31 divide 651?
True
Is 18865 a multiple of 35?
True
Is 12366 a multiple of 352?
False
Is 1308 a multiple of 19?
False
Is 21 a factor of 103723?
False
Is 133 a factor of 2394?
True
Does 9 divide 234?
True
Is 31 a factor of 558?
True
Is 178 a factor of 5874?
True
Is 9 a factor of 198?
True
Is 301 a factor of 121604?
True
Does 52 divide 12583?
False
Is 39 a factor of 3091?
False
Is 941 a multiple of 3?
False
Does 39 divide 110?
False
Is 18093 a multiple of 163?
True
Does 16 divide 4958?
False
Is 138 a multiple of 2?
True
Is 3363 a multiple of 59?
True
Is 46 a factor of 8563?
False
Is 14 a factor of 2996?
True
Does 29 divide 58?
True
Is 8 a factor of 816?
True
Is 544 a multiple of 34?
True
Does 59 divide 15163?
True
Is 819 a multiple of 7?
True
Is 259 a multiple of 37?
True
Does 41 divide 2872?
False
Is 1245 a multiple of 83?
True
Is 820 a multiple of 66?
False
Is 6462 even?
True
Is 1863 a multiple of 15?
False
Is 1098 a multiple of 18?
True
Is 799 a multiple of 52?
False
Is 9 a factor of 458?
False
Is 4483 even?
False
Is 2306 a multiple of 11?
False
Does 35 divide 1117?
False
Is 3030 a multiple of 15?
True
Does 10 divide 66425?
False
Is 6 a factor of 15690?
True
Is 5082 a multiple of 6?
True
Does 71 divide 169472?
False
Does 36 divide 1296?
True
Is 21 a factor of 3192?
True
Is 71694 a multiple of 6?
True
Is 10 a factor of 250?
True
Does 13 divide 438?
False
Does 15 divide 466?
False
Is 9 a factor of 10874?
False
Is 2688 a multiple of 64?
True
Is 46893 a multiple of 4?
False
Is 5 a factor of 605?
True
Is 6 a factor of 150?
True
Is 88 a factor of 27456?
True
Does 48 divide 2208?
True
Is 12 a factor of 11400?
True
Does 166 divide 166?
True
Is 771 a multiple of 32?
False
Is 14 a factor of 5376?
True
Is 42 a factor of 252?
True
Is 2 a factor of 778?
True
Is 7962 a multiple of 12?
False
Is 798 a multiple of 21?
True
Is 8 a factor of 19?
False
Is 95 a factor of 9500?
True
Is 2628 a multiple of 9?
True
Does 57 divide 93008?
False
Is 146 a multiple of 91?
False
Is 76 a factor of 60177?
False
Is 395 a multiple of 11?
False
Does 18 divide 123?
False
Does 51 divide 1185?
False
Is 17 a factor of 26350?
True
Does 2 divide 1128?
True
Is 37 a factor of 8436?
True
Is 816 a multiple of 48?
True
Is 23 a factor of 1628?
False
Is 13 a factor of 120?
False
Is 11 a factor of 41?
False
Is 4876 a multiple of 63?
False
Is 89 a factor of 623?
True
Does 27 divide 6723?
True
Is 7 a factor of 952?
True
Is 22 a factor of 1210?
True
Is 6 a factor of 3076?
False
Is 39 a factor of 355?
False
Is 14335 a multiple of 106?
False
Is 11780 a multiple of 5?
True
Is 20619 a multiple of 261?
True
Is 13 a factor of 26?
True
Does 67 divide 2144?
True
Does 7 divide 3220?
True
Is 2721 a multiple of 43?
False
Is 23 a factor of 634?
False
Does 7 divide 10633?
True
Is 168 a multiple of 24?
True
Does 24 divide 146309?
False
Is 202125 a multiple of 14?
False
Is 105 a factor of 2122?
False
Does 14 divide 230?
False
Is 58 a factor of 105328?
True
Is 23 a factor of 9959?
True
Does 9 divide 2218?
False
Does 51 divide 222?
False
Is 14 a factor of 1960?
True
Does 31 divide 3301?
False
Is 20 a factor of 20780?
True
Does 12 divide 728?
False
Is 6 a factor of 570?
True
Does 14 divide 7672?
True
Does 3 divide 348?
True
Does 28 divide 3556?
True
Is 30989 a multiple of 113?
False
Is 95 a multiple of 5?
True
Does 43 divide 387?
True
Is 2308 a multiple of 10?
False
Is 157 a multiple of 20?
False
Is 126 a factor of 59346?
True
Is 60947 a multiple of 32?
False
Is 50 a factor of 475?
False
Does 14 divide 4246?
False
Is 6424 a multiple of 88?
True
Is 710 a multiple of 13?
False
Is 12 a multiple of 4?
True
Is 21 a factor of 12152?
False
Is 8624 a multiple of 154?
True
Is 22 a factor of 3737?
False
Does 28 divide 3304?
True
Is 5173 a multiple of 158?
False
Is 139 a factor of 4031?
True
Does 34 divide 7980?
False
Does 3 divide 558?
True
Is 3609 a multiple of 69?
False
Does 15 divide 5860?
False
Does 12 divide 37716?
True
Does 3 divide 456?
True
Is 14 a factor of 490?
True
Is 14 a factor of 798?
True
Does 58 divide 2842?
True
Is 2344 a multiple of 16?
False
Is 1552 a multiple of 54?
False
Is 2162 a multiple of 46?
True
Does 3 divide 2500?
False
Is 42 a factor of 4510?
False
Does 129 divide 120606?
False
Is 74 a factor of 370?
True
Is 72 a factor of 1080?
True
Is 121 a factor of 21139?
False
Is 31 a factor of 11707?
False
Is 2 a factor of 1070?
True
Is 5 a factor of 66?
False
Is 2295 a multiple of 17?
True
Is 82 a multiple of 2?
True
Is 9 a factor of 28440?
True
Is 9 a factor of 4671?
True
Is 93 a factor of 16208?
False
Is 5 a factor of 13620?
True
Is 583 a multiple of 50?
False
Is 38 a factor of 1064?
True
Is 9621 a multiple of 19?
False
Does 40 divide 3174?
False
Is 363 a factor of 73326?
True
Is 63 a factor of 2268?
True
Does 26 divide 279?
False
Is 1395 a multiple of 19?
False
Is 6879 a multiple of 13?
False
Is 263 a multiple of 127?
False
Is 12 a factor of 2292?
True
Does 167 divide 149465?
True
Is 948 a multiple of 11?
False
Is 37396 a multiple of 101?
False
Is 9600 a multiple of 80?
True
Does 14 divide 10150?
True
Is 1660 a multiple of 6?
False
Is 69 a factor of 3174?
True
Does 42 divide 756?
True
Is 10723 a multiple of 51?
False
Does 24 divide 1296?
True
Is 126 a factor of 3780?
True
Does 44 divide 52756?
True
Does 25 divide 400?
True
Is 435 a multiple of 52?
False
Is 3 a factor of 110?
False
Is 266 a multiple of 3?
False
Is 1012 a multiple of 7?
False
Is 19 a factor of 6365?
True
Is 38480 a multiple of 9?
False
Is 123 a factor of 5535?
True
Does 7 divide 826?
True
Does 9 divide 13977?
True
Is 32 a factor of 5664?
True
Is 31 a factor of 649?
False
Does 137 divide 8505?
False
Is 12 a factor of 3288?
True
Is 126 a multiple of 7?
True
Is 3251 a multiple of 14?
False
Does 4 divide 316?
True
Is 17 a factor of 387?
False
Does 26 divide 244?
False
Is 420 a multiple of 5?
True
Is 590 a multiple of 14?
False
Is 13 a factor of 5673?
False
Does 11 divide 513?
False
Does 93 divide 5580?
True
Is 511 a multiple of 26?
False
Is 13114 a multiple of 166?
True
Does 10 divide 19130?
True
Is 178 a factor of 20648?
True
Is 147 a multiple of 2?
False
Is 910 a multiple of 26?
True
Is 43 a factor of 430?
True
Does 23 divide 367?
False
Does 8 divide 48?
True
Is 1519 a multiple of 217?
True
Does 49 divide 3675?
True
Is 275 a factor of 107250?
True
Is 280 a multiple of 40?
True
Does 14 divide 14903?
False
Is 3 a factor of 39?
True
Is 20 a factor of 5831?
False
Is 63 a factor of 2331?
True
Is 8 a factor of 86880?
True
Is 30 a factor of 840?
True
Is 1058 a multiple of 20?
False
Is 5 a factor of 18?
False
Is 17 a factor of 2346?
True
Does 18 divide 372?
False
Is 38662 a multiple of 26?
True
Does 11 divide 22?
True
Is 5 a factor of 12?
False
Is 11182 a multiple of 7?
False
Is 2870 a multiple of 16?
False
Is 2480 a multiple of 40?
True
Does 68 divide 3427?
False
Does 13 divide 4779?
False
Does 11 divide 4156?
False
Is 8690 a multiple of 11?
True
Does 8 divide 12465?
False
Is 4 a factor of 3804?
True
Is 21 a factor of 177177?
True
Is 1965 a multiple of 10?
False
Is 11 a factor of 88?
True
Is 5 a